{"id":129,"date":"2015-02-04T06:52:32","date_gmt":"2015-02-04T06:52:32","guid":{"rendered":"http:\/\/mertz-metallbau.de\/wordpress\/?page_id=129"},"modified":"2019-06-22T15:57:07","modified_gmt":"2019-06-22T13:57:07","slug":"spielanlagen-geraete","status":"publish","type":"page","link":"http:\/\/mertz-metallbau.de\/wordpress\/?page_id=129","title":{"rendered":"Spielanlagen\/-ger\u00e4te"},"content":{"rendered":"<p align=\"center\"><span style=\"font-family: Georgia, 'Times New Roman', Times, serif; font-size: medium;\">Wir m\u00f6chten Ihnen kurz unseren Betrieb f\u00fcr den Bereich Wartung &amp; Sicherheit vorstellen.<br \/>\nHerbert Mertz \u00fcberpr\u00fcft seit dem 2.6.2005 als Sachkundiger f\u00fcr<br \/>\nKinderspielpl\u00e4tze und Spielger\u00e4te\u00a0 nach der neuen europ\u00e4ischen Norm<\/span><\/p>\n<p align=\"center\"><span style=\"font-family: Georgia, 'Times New Roman', Times, serif; font-size: medium;\">aktuelle Fassung<br \/>\n<strong>DIN EN 1176 Teil 1 &#8211; 7 und 11 \/ 2018<\/strong><br \/>\n<\/span><\/p>\n<p align=\"center\"><span style=\"font-family: Georgia, 'Times New Roman', Times, serif; font-size: medium;\">Wir bieten Ihnen unsere Dienste f\u00fcr die<\/span><\/p>\n<div align=\"center\">\n<table border=\"0\" width=\"49%\">\n<tbody>\n<tr>\n<td><span style=\"font-family: Georgia, 'Times New Roman', Times, serif; font-size: medium;\"><strong>&#8211; Visuelle Routineinspektion<\/strong><\/span><\/td>\n<td><span style=\"font-family: Georgia, 'Times New Roman', Times, serif; font-size: medium;\"><strong>&#8211; W\u00f6chentliche \u00dcberpr\u00fcfung<\/strong><\/span><\/td>\n<\/tr>\n<tr>\n<td><span style=\"font-family: Georgia, 'Times New Roman', Times, serif; font-size: medium;\"><strong>&#8211; Operative Inspektion<\/strong><\/span><\/td>\n<td><span style=\"font-family: Georgia, 'Times New Roman', Times, serif; font-size: medium;\"><strong>&#8211; Viertelj\u00e4hrliche Verschlei\u00df.-<br \/>\nund Stabilit\u00e4tskontrolle.<\/strong><\/span><\/td>\n<\/tr>\n<tr>\n<td><span style=\"font-family: Georgia, 'Times New Roman', Times, serif; font-size: medium;\"><strong>&#8211; Hauptinspektion<\/strong><\/span><\/td>\n<td><span style=\"font-family: Georgia, 'Times New Roman', Times, serif; font-size: medium;\"><strong>&#8211; j\u00e4hrliche Hauptuntersuchung<\/strong><\/span><\/td>\n<\/tr>\n<\/tbody>\n<\/table>\n<\/div>\n<p align=\"center\"><span style=\"font-family: Georgia, 'Times New Roman', Times, serif; font-size: medium;\">an.<\/span><\/p>\n<p align=\"center\"><span style=\"font-family: Georgia, 'Times New Roman', Times, serif; font-size: medium;\"><br \/>\nWir helfen Ihnen auch gerne bei der Planung und Durchf\u00fchrung<br \/>\nder Inspektion und Aufbau der Dokumentation \u00fcber die Inspektion.<\/span><\/p>\n<p align=\"center\">\n<p align=\"center\"><span style=\"font-family: Georgia, 'Times New Roman', Times, serif;\">Desweiteren hat unser Unternehmen an einer Weiterbildung teilgenommen die ben\u00f6tigt wird f\u00fcr die,,Qualifizierung zum Spielplatzpr\u00fcfer&#8220; nach<\/span><\/p>\n<p align=\"center\"><span style=\"font-family: Georgia, 'Times New Roman', Times, serif;\"><strong>DIN SPEC 79161\/2011<\/strong><\/span><\/p>\n","protected":false},"excerpt":{"rendered":"<p>Wir m\u00f6chten Ihnen kurz unseren Betrieb f\u00fcr den Bereich Wartung &amp; Sicherheit vorstellen. Herbert Mertz \u00fcberpr\u00fcft seit dem 2.6.2005 als Sachkundiger f\u00fcr Kinderspielpl\u00e4tze und Spielger\u00e4te\u00a0 nach der neuen europ\u00e4ischen Norm aktuelle Fassung DIN EN 1176 Teil 1 &#8211; 7 und 11 \/ 2018 Wir bieten Ihnen unsere Dienste f\u00fcr die &#8230;<\/p>\n","protected":false},"author":1,"featured_media":0,"parent":125,"menu_order":1,"comment_status":"closed","ping_status":"closed","template":"","meta":[],"_links":{"self":[{"href":"http:\/\/mertz-metallbau.de\/wordpress\/index.php?rest_route=\/wp\/v2\/pages\/129"}],"collection":[{"href":"http:\/\/mertz-metallbau.de\/wordpress\/index.php?rest_route=\/wp\/v2\/pages"}],"about":[{"href":"http:\/\/mertz-metallbau.de\/wordpress\/index.php?rest_route=\/wp\/v2\/types\/page"}],"author":[{"embeddable":true,"href":"http:\/\/mertz-metallbau.de\/wordpress\/index.php?rest_route=\/wp\/v2\/users\/1"}],"replies":[{"embeddable":true,"href":"http:\/\/mertz-metallbau.de\/wordpress\/index.php?rest_route=%2Fwp%2Fv2%2Fcomments&post=129"}],"version-history":[{"count":3,"href":"http:\/\/mertz-metallbau.de\/wordpress\/index.php?rest_route=\/wp\/v2\/pages\/129\/revisions"}],"predecessor-version":[{"id":768,"href":"http:\/\/mertz-metallbau.de\/wordpress\/index.php?rest_route=\/wp\/v2\/pages\/129\/revisions\/768"}],"up":[{"embeddable":true,"href":"http:\/\/mertz-metallbau.de\/wordpress\/index.php?rest_route=\/wp\/v2\/pages\/125"}],"wp:attachment":[{"href":"http:\/\/mertz-metallbau.de\/wordpress\/index.php?rest_route=%2Fwp%2Fv2%2Fmedia&parent=129"}],"curies":[{"name":"wp","href":"https:\/\/api.w.org\/{rel}","templated":true}]}}